 16, what is 3dc - 115fc6?
-115bea
In base 3, what is -12 + 101222021120220?
101222021120201
In base 6, what is 20115 - 150402?
-130243
In base 14, what is 3 - -4c2063?
4c2066
In base 2, what is -10000 + 10010011000111101000100?
10010011000111100110100
In base 6, what is 301 - 34204012?
-34203311
In base 11, what is 1611911 - -11?
1611922
In base 11, what is 861 - -1918?
2679
In base 14, what is 29 - -177812a?
1778155
In base 11, what is -2417045 + 39?
-2417007
In base 6, what is -2 - -32354341522?
32354341520
In base 5, what is 1313203301 + 1?
1313203302
In base 15, what is 1 + -c5aee?
-c5aed
In base 2, what is 101 + -10110010011011100101100010?
-10110010011011100101011101
In base 10, what is 172 - 352413?
-352241
In base 10, what is 113948 + 348?
114296
In base 10, what is 1 - -7674805?
7674806
In base 9, what is 87 + -6758?
-6661
In base 12, what is 16388756 - -5?
1638875b
In base 2, what is 11100 + 1000000001110000001011?
1000000001110000100111
In base 12, what is -311 - -413210?
412abb
In base 14, what is -2b0 + -18d5?
-1ba5
In base 2, what is -101000000110101111010000100 + 100?
-101000000110101111010000000
In base 8, what is 6676724 + -1?
6676723
In base 15, what is 37d9764d - -1?
37d9764e
In base 12, what is 3 + 11b9753?
11b9756
In base 5, what is 142 + -214033104?
-214032412
In base 11, what is 6 - 105472a0?
-10547295
In base 9, what is -6812 - -1484?
-5317
In base 15, what is 44b5 + 52e?
49e4
In base 16, what is d4df65 + 0?
d4df65
In base 15, what is 1 - 1742417a?
-17424179
In base 2, what is -10111000 - -10111111111110101?
10111111100111101
In base 4, what is 30 + 2200331301?
2200331331
In base 7, what is -1064101662 + 2?
-1064101660
In base 15, what is 43 + 820e?
8252
In base 3, what is -10210101021011 - -1120?
-10210101012121
In base 3, what is -1101222220020 + -22?
-1101222220112
In base 8, what is 3 - -45503076?
45503101
In base 9, what is 52 - -478524?
478576
In base 11, what is -35 - -2275149?
2275114
In base 5, what is -3423214 + -4314?
-3433033
In base 9, what is 687883 - 54?
687828
In base 6, what is -202 + 4441034?
4440432
In base 16, what is -31d450 - -2a?
-31d426
In base 7, what is 12264 - -10146?
22443
In base 16, what is 3fafb + 11?
3fb0c
In base 4, what is -213113321231 + 20?
-213113321211
In base 6, what is -124 + -4353002?
-4353130
In base 16, what is -5 - 17f025f?
-17f0264
In base 7, what is -263421313 + 10?
-263421303
In base 10, what is 577 + 17317?
17894
In base 15, what is a99839be - -2?
a99839c1
In base 12, what is 5000 - -2?
5002
In base 7, what is -5 - -3404411514?
3404411506
In base 15, what is 2 - -1d47683?
1d47685
In base 6, what is -12 - -2011534342?
2011534330
In base 13, what is 10 + bb3160?
bb3170
In base 8, what is -64243 + -16220?
-102463
In base 7, what is 352 - -631?
1313
In base 16, what is -b26 + 1549?
a23
In base 9, what is 7 - 81845284?
-81845276
In base 2, what is -110 + 11101011010000000110?
11101011010000000000
In base 4, what is -32003000 + -310?
-32003310
In base 16, what is -2a14d + -3c4?
-2a511
In base 10, what is 139412 - 18?
139394
In base 5, what is 2314411402 - 34?
2314411313
In base 15, what is -2245 + 6257?
4012
In base 4, what is -13 + 203212123103?
203212123030
In base 9, what is -3 + 80851205?
80851202
In base 16, what is -8325 - -127?
-81fe
In base 11, what is -414 + -10a88?
-113a1
In base 11, what is -3 - -5038957?
5038954
In base 15, what is 5d7 + -169c9e?
-1696b7
In base 16, what is -1 - 6aa6b7?
-6aa6b8
In base 4, what is -1020000321003 - 11?
-1020000321020
In base 13, what is 5 + 54aaa8?
54aab0
In base 6, what is 4 + 23253033421?
23253033425
In base 10, what is 13203 - 4614?
8589
In base 5, what is -343200 - 44420?
-443120
In base 11, what is -20922 + -72?
-20994
In base 10, what is 1272292 + 11?
1272303
In base 13, what is b - -5a8a4a8?
5a8a4b6
In base 14, what is -a - -27a6c2?
27a6b6
In base 15, what is 1402353 + -3?
1402350
In base 3, what is 12001101 + -10120122000?
-10101120122
In base 3, what is 2012002 + -1102221020200?
-1102212001121
In base 6, what is 10 + -45424105?
-45424055
In base 9, what is 1444188 - -231?
1444430
In base 12, what is 373 + 1155b?
11912
In base 5, what is -240 + 103123221?
103122431
In base 11, what is 235995 - -931?
236816
In base 15, what is 5 - -91b4d1?
91b4d6
In base 13, what is 1 - -1552c728?
1552c729
In base 16, what is b20 + 3dbb?
48db
In base 9, what is 33 + 37053?
37086
In base 4, what is -1012102 + -1100332?
-2113100
In base 15, what is -36021 + 1b?
-36005
In base 15, what is -2ceab5 - 9?
-2ceabe
In base 12, what is 3 - -6a566b?
6a5672
In base 2, what is 10011 + -10000110110000100100111?
-10000110110000100010100
In base 2, what is -11100001000 + -10110100111010?
-11010001000010
In base 12, what is -565933 + 0?
-565933
In base 15, what is -1 + 5bde8?
5bde7
In base 6, what is -510 + 41131430?
41130520
In base 6, what is -10523 + 20224?
5301
In base 8, what is -14616670 - 62?
-14616752
In base 8, what is 266474 - -70?
266564
In base 4, what is 20322110 - 12031?
20310013
In base 15, what is -403dc + -bd4?
-410c1
In base 8, what is 1150357 + -26?
1150331
In base 8, what is 10270571 - -373?
10271164
In base 3, what is 211112210010 - 11201?
211112121102
In base 4, what is -200132 - 332022112?
-332222310
In base 14, what is 189d5 + 24?
18a19
In base 13, what is 1 - -208a7c7?
208a7c8
In base 10, what is 8769 + 3057?
11826
In base 7, what is 15244460563 + 2?
15244460565
In base 15, what is 165a97b5 + -4?
165a97b1
In base 2, what is -11000110101110110 + 1001101?
-11000110100101001
In base 7, what is 14616061 - 116?
14615642
In base 11, what is -183612 + 2aa?
-183313
In base 11, what is -aaa5111 - 4?
-aaa5115
In base 7, what is 3311120 + 6?
3311126
In base 7, what is -534511 - 22?
-534533
In base 4, what is 3 - 10213322111302?
-10213322111233
In base 13, what is -449200 + -26?
-449226
In base 13, what is 2999ab6 - -1?
2999ab7
In base 10, what is 6 + -73819924?
-73819918
In base 12, what is 6 - 664298?
-664292
In base 16, what is -49 + 2b7141?
2b70f8
In base 13, what is 2 + -a1a6693?
-a1a6691
In base 9, what is -305810 + -445?
-306355
In base 12, what is -47878b + -22?
-4787b1
In base 11, what is -83 + 18737?
18664
In base 9, what is -5 + -132636233?
-132636238
In base 13, what is -1 - -31642b58?
31642b57
In base 9, what is -2 + -3722635?
-3722637
In base 4, what is -30112102 + -13231?
-30131333
In base 8, what is 247236 - 2640?
244376
In base 15, what is -2e + -89c6?
-8a05
In base 5, what is 2 + 3100413243?
3100413300
In base 10, what is 10020449 - 101?
10020348
In base 12, what is 3227 - -35a79?
390a4
In base 10, what is 3412 - -596?
4008
In base 12, what is -5 + 5224609?
5224604
In base 4, what is 12010 - -13222200?
13300210
In base 14, what is -5 - 1c1817?
-1c181c
In base 2, what is -1101 + 10111111101011111000?
10111111101011101011
In base 5, what is -11 + 230123141?
230123130
In base 10, what is 60 - 279880?
-279820
In base 4, what is 23331102 + 20300?
30012002
In base 15, what is b75a - -429b?
10a06
In base 9, what is -37677784 + -1?
-37677785
In base 11, what is -4 - 3056931?
-3056935
In base 14, what is 1 - -2b0a0da?
2b0a0db
In base 7, what is -63442412 + -214?
-63442626
In base 11, what is -5826 - -72?
-5764
In base 10, what is 27087114 - 9?
27087105
In base 2, what is -110001101111111 + -1100100000111?
-111110010000110
In base 5, what is 4042101 + -41310?
4000241
In base 12, what is -47 - b9658?
-b96a3
In base 16, what is -83d3c8c + 7?
-83d3c85
In base 7, what is -2605 - -221355?
215450
In base 16, what is -52 - 5df055?
-5df0a7
In base 3, what is 10001202211221002011 + 11?
10001202211221002022
In base 6, what is -4534 - 240245?
-245223
In base 13, what is 162 + 53723?
53885
In base 14, what is -15ddc6cc + -2?
-15ddc6d0
In base 6, what is 52310410 + 5?
52310415
In base 13, what is -7b83394 - 12?
-7b833a6
In base 2, what is 10010010110001011110111 - 11010?
10010010110001011011101
In base 14, what is -2 - 748d2bd?
-748d2c1
In base 4, what is -2 - -1131202321023?
1131202321021
In base 3, what is -10111211221121000 - -12?
-10111211221120211
In base 10, what is -7064 + 229?
-6835
In base 7, what is 4531 - 445463?
-440632
In base 8, what is -503402 + 13?
-503367
In base 2, what is -101101010 - 10010000010001101011?
-10010000010111010101
I